+ 0). Suppose 0 = -0*n - 2*n - 3*b + 43, -u = -2*n - 4*b. List the prime factors of n.
2, 13
Let r(v) = 6*v**2 + 24*v + 8. What are the prime factors of r(-7)?
2, 67
Suppose 5*w + 75 = 8*w. What are the prime factors of w?
5
Suppose 4*j - 85 = -3*n, -2*j - 23 = -3*n + 56. What are the prime factors of n?
3
What are the prime factors of (-7 - (-9 - -2)) + (-1 - -123)?
2, 61
Let k be 3 + -3 - (1 + -4). Suppose 0 = k*x - 12 - 69. Let y = x - 12. What are the prime factors of y?
3, 5
Suppose 0 = -3*d + 2*x + 22, d = 2*d - 3*x - 19. Suppose 2*w - d*l - 28 = -2*w, -2*w = l - 11. What are the prime factors of w?
2, 3
Let w be 8/(-28) - (-250)/(-7). Let o be (w/15)/((-2)/10). Suppose -r - 2*x + 18 = 0, -3*x = x - o. What are the prime factors of r?
2, 3
Let h(w) = -4*w - 11. List the prime factors of h(-30).
109
Suppose 0*q = 3*q - 12. Suppose q*y = 3*t + 22 - 1, 19 = y + 2*t. What are the prime factors of y?
3
Suppose -6*n = -2*n - 100. List the prime factors of n.
5
Suppose -u = -2 - 6. Let w be (-4)/(-2)*12/u. Suppose -p + w*p - 14 = -2*b, -p = 2. What are the prime factors of b?
3
Suppose 1 + 7 = 4*r. Suppose r*t = -c + 10 + 6, 25 = 4*c - 5*t. List the prime factors of c.
2, 5
Suppose 3*l - 8*l = -40. Suppose 0 = 3*h - l*h + 215. What are the prime factors of h?
43
Let c(i) = -i**2 - i + 18. Suppose 4*t + 8 = -3*x + 2*x, 5*x + 4 = -2*t. Let u be c(x). Let r = 33 - u. List the prime factors of r.
3, 5
Let h = -260 + 457. What are the prime factors of h?
197
Let o = 5 + 0. Suppose 0 = o*t + 29 - 74. List the prime factors of t.
3
Suppose 4*l + 0*l + p = 275, -4*l + 295 = -3*p. Suppose 0 = -5*k - 15 + l. List the prime factors of k.
11
Suppose 2*j - 139 = -5*p + 134, -252 = -2*j + 2*p. What are the prime factors of j?
3, 43
Suppose -4*a = 5*d - 7, 5*a - 2*d = -0*d + 50. Suppose -3*j + a - 2 = 0. Suppose -j = -g - 0. List the prime factors of g.
2
Suppose -4*k + 4 + 12 = 0. What are the prime factors of k?
2
Let b = 3 - -2. Suppose 0 = -2*i + b + 5. List the prime factors of i.
5
Suppose 0 = 2*w + 54 + 62. Let d = w + 99. What are the prime factors of d?
41
Let f(w) = 2*w - 5. Let b be f(5). Suppose -39 = -2*c + b. What are the prime factors of c?
2, 11
Let v = 105 + 63. List the prime factors of v.
2, 3, 7
Let k be ((-12)/(-9))/((-2)/(-6)). What are the prime factors of (-1)/(-1*k/40)?
2, 5
Let z(m) = 18*m - 6. Let d be z(3). Let w = d + -33. List the prime factors of w.
3, 5
Suppose 3*s = 3*m + 2*m + 55, -2*m - 10 = 0. Suppose s = -2*w + 2. What are the prime factors of (6/w)/((-4)/24)?
3
Suppose -31 = 4*a + 53. Let c = -10 - a. List the prime factors of (-2)/(-2)*(c + 0).
11
Let k(p) = -p - 19. Let r be k(-14). Let q = -24 + 14. What are the prime factors of (-18)/(-1) - q/r?
2
Suppose 3*h + 86 = -1. Let k = h - -41. List the prime factors of k.
2, 3
Let a be (-3)/(3/(-2) + 0). Let z = 9 - a. List the prime factors of z.
7
Let n = -3 + 4. Let a(c) = -5*c - n + 1. What are the prime factors of a(-1)?
5
Suppose 0 = 2*c - 5*c + 6. Suppose h = -c*h + 57. What are the prime factors of h?
19
Let r(p) = -4*p + 5. Let m be r(2). What are the prime factors of (3 + 16)*m/(-3)?
19
List the prime factors of 258 + (-2 - (-4 - (-3)/1)).
257
Suppose 0*m + 2*m - 12 = 0. Suppose 8*d - m*d - 64 = 0. What are the prime factors of d?
2
Let q(x) = -x**2 - x + 30. List the prime factors of q(0).
2, 3, 5
Let u = -75 - -42. Let s = 51 + u. What are the prime factors of s?
2, 3
Let k(i) = 2*i**3 + 2*i**2 + 1. Let b be k(-2). Let t be 0 + (0 + b - 1). Let d(r) = -r**3 - 8*r**2 - 3*r - 11. What are the prime factors of d(t)?
13
Let t(x) = x**2 - 11*x + 19. What are the prime factors of t(16)?
3, 11
Let g(b) = -6*b + 4 + 4*b - b. List the prime factors of g(-4).
2
Let k be (1 - 12/3)*-1. Let b = k - 1. Suppose 0 = -2*z + 6*v - 4*v + b, -5*z = -4*v - 7. List the prime factors of z.
3
Let p(s) = -16*s - 23. What are the prime factors of p(-4)?
41
Suppose 3*t = -4*d + 171, -4*d - 5*t - 6 = -171. What are the prime factors of d?
3, 5
Suppose 3*d = -3*b - 33, 4*d - 5*b + 76 = 23. List the prime factors of (d/7)/((-6)/21).
2, 3
Let s(p) = -p**3 + 6*p**2. Let l be s(6). Suppose l = 5*y + 5 + 15, 0 = -2*h - 5*y + 56. What are the prime factors of h/5 + 10/25?
2
Let q(b) = b**2 - 13*b + 17. Let w be q(12). Suppose w*l + 28 - 288 = 0. List the prime factors of l.
2, 13
Suppose 0 = 5*w + 5*k - k - 156, -2*w + 2*k + 66 = 0. Suppose 0 = 2*q + 2*q + 3*v + 6, 3*v - 15 = 3*q. What are the prime factors of 1/(w/10 + q)?
5
Let p(t) be the second derivative of t**4/6 - t**3/6 - t**2/2 - t. Suppose 5*u = -9 - 1. What are the prime factors of p(u)?
3
Suppose -3*f = -0*f - 54. What are the prime factors of f?
2, 3
Let t(s) be the first derivative of s**3/3 - 2*s**2 + 5*s - 2. Let v(k) = 5*k - 1. Let d be v(1). What are the prime factors of t(d)?
5
Let b(c) = -2 - 6 + 1 + 2 - c. Let d be b(-9). Suppose 0*z = d*z - 24. What are the prime factors of z?
2, 3
Suppose 0 = 4*h - 0*d - 4*d - 468, 5*h - 578 = -2*d. What are the prime factors of h?
2, 29
Suppose -459 = -4*x + 4*p + 57, -2*x + 3*p = -253. List the prime factors of x.
2, 67
Let f = -16 - -22. Let n be (-6)/(-2 + f/4). Suppose -68 = -4*o - n. List the prime factors of o.
2, 7
Let g = -2 + 6. Suppose 4*p + 3*k + 32 = g*k, -4*p - 3*k = 32. Let b(r) = -r**3 - 7*r**2 + 7*r - 5. List the prime factors of b(p).
3
Suppose 39 = 4*i + 159. Let k = i + 42. List the prime factors of k.
2, 3
Let s(p) = p**3 - 12*p**2 - 6*p - 30. What are the prime factors of s(13)?
61
Suppose -3*g = 2*f, 0*g - 2*f = 5*g. Suppose -3*n = -g*o + 5*o - 64, 5 = o. List the prime factors of n.
13
What are the prime factors of (8/20)/(1/165)?
2, 3, 11
Let m be ((-2)/(-6))/((-1)/(-18)). Suppose -c - 3*a = -5*c + 34, 0 = -c + 2*a + m. List the prime factors of c.
2, 5
Let w(o) = o**2 + 11*o - 20. Let y be w(8). Suppose 2*r - 2*n + 24 = y, 0 = -3*r - n + 154. List the prime factors of r.
2, 13
Let j = 22 + -31. Let w = j + 29. List the prime factors of w.
2, 5
Suppose 0 = 4*l - 3*t - 276, 2*t = -0*l - l + 80. What are the prime factors of l?
2, 3
Let o = -40 + 90. Suppose 0 = 2*s - 7*s + o. Suppose 2*t - s = -2*r, 4*t + 7 = 8*r - 3*r. What are the prime factors of r?
3
Suppose 2*n - 46 + 17 = 5*c, 5*n - 5*c = 95. What are the prime factors of n?
2, 11
Suppose 2*z + n = 9, 5*n = -5*z + 2*n + 25. Suppose -z*h = -6*h + 24. What are the prime factors of h?
2, 3
Suppose 3*p = 62 + 43. What are the prime factors of p?
5, 7
Let a(n) = -1 - 1 + 1 - 8*n. Let k be a(1). Let r = 4 - k. What are the prime factors of r?
13
Let k = -84 + 157. List the prime factors of k.
73
Let t = 11 + -17. Let j be (-4)/t + 68/6. Suppose 3*l - j = -2*y, -1 = -2*l + 4*y + 7. What are the prime factors of l?
2
Suppose m = 4*t - 423, 2*m - 59 = -2*t + 145. List the prime factors of t.
3, 5, 7
Suppose 2*m + 33 + 37 = 3*s, 0 = -3*m - 15. What are the prime factors of s?
2, 5
Let l = 109 + 29. What are the prime factors of l?
2, 3, 23
Suppose -b = -0*b - 4. Suppose 19 - 59 = -b*k + 3*n, k - 10 = -5*n. What are the prime factors of k?
2, 5
What are the prime factors of 10/(-10)*-1*37?
37
What are the prime factors of ((-23)/(-6))/((-7)/(-42))?
23
Let y(m) = -20*m - 2. Let k be y(-2). Let o = -23 + k. What are the prime factors of o?
3, 5
Suppose -35 = 5*h + 5*v, v = 4*v + 15. Let u = 14 - 3. List the prime factors of (h - (1 - 2)) + u.
2, 5
Suppose 0 = -7*v + 34*v - 4833. What are the prime factors of v?
179
Let r(x) = -x**3 + x**2 + 8*x - 5. List the prime factors of r(-5).
3, 5, 7
Suppose -y = w - 0 - 1, -3*w + 7 = 2*y. Let o = 2 + y. Let r(b) = -2*b**3 - b**2 + 3*b + 1. What are the prime factors of r(o)?
7
Let o(b) = -11*b + 23. List the prime factors of o(-3).
2, 7
Let l = -3 - -1. Let p be -1 - (-4 + l + -2). Suppose 0 = 2*a - a - p. What are the prime factors of a?
7
Let p(k) = k + 8. Let n be p(-6). Let m = 11 - n. Let s = 13 - m. What are the prime factors of s?
2
Suppose 0 = -j - 2*j + 15. Suppose 0*v + 2*v + j*p - 36 = 0, -4*v + 3*p = -20. What are the prime factors of v?
2
Let g(w) = w**3 - 4*w**2 + 19*w - 2. List the prime factors of g(7).
2, 139
Let g = 3 - -1. Suppose 4*n + 3*h - 32 = 2*h, 5*n - 40 = -g*h. List the prime factors of n.
2
Let l be 6*((-5)/3)/(-5). Suppose 0 = -q - 0*a - 4*a + 12, -q